2 - 24*t + 7. Calculate f(8).
7
Let c(j) = j**2 - 2*j + 3. What is c(2)?
3
Let m(o) = 2*o**3 - 18*o**2 + 18*o - 8. Give m(8).
8
Let l(p) = p**2 - p - 18. Give l(0).
-18
Let u(h) = h**3 + 8*h**2 - 18*h + 21. Give u(-10).
1
Let r(d) = 26*d + 22. Give r(-1).
-4
Let c(r) = r + 4. Determine c(-7).
-3
Let s(a) = a**2 - 8*a + 26. Determine s(8).
26
Let n(p) = p**3 - 11*p**2 - 8*p - 6. Determine n(12).
42
Let o(u) = -3*u - 20. Determine o(-11).
13
Let y(v) = -v**2 - 10*v - 3. Calculate y(-11).
-14
Let k(m) = m**2 + 18*m - 2. Determine k(-22).
86
Let h(c) = -8*c**2 + 2*c + 5. Give h(-4).
-131
Let i(q) = -q**2 - 10*q - 17. Calculate i(-5).
8
Let o(m) = 10*m - 76. Calculate o(8).
4
Let a(f) = -11*f + 1. Calculate a(-1).
12
Let o(t) = -10*t - 50. Determine o(-13).
80
Let j(p) = -p**3 + 12*p**2 - 13*p + 10. Calculate j(11).
-12
Let x(d) = 14*d - 191. Give x(19).
75
Let v(t) = t**3 + 4*t**2 - t. Determine v(-5).
-20
Let q(u) = u**2 + 2*u - 4. Give q(-3).
-1
Let b(o) = -3*o**2 + 37*o - 27. Determine b(11).
17
Let t(g) = -g**3 - 15*g**2 - 14*g + 18. Give t(-14).
18
Let m(k) = -14*k. Give m(2).
-28
Let c(k) = -k**3 + 19*k**2 + 23*k - 10. Calculate c(20).
50
Let c(z) = -3*z + 1. Give c(-8).
25
Let g(x) = 3*x + 12. Give g(-9).
-15
Let o(t) = 4*t - 10. Determine o(3).
2
Let o(n) = -4*n - 4. What is o(-4)?
12
Let i(g) = -g**2 - 7*g - 4. Give i(-6).
2
Let n(y) = -y**2 - 4*y + 21. What is n(-7)?
0
Let k(g) = -g**3 - 7*g**2 + 2*g + 22. Calculate k(-6).
-26
Let r(k) = k**2 + 10*k - 10. Give r(-12).
14
Let a(x) = x - 2. Calculate a(1).
-1
Let f(b) = b - 35. Give f(6).
-29
Let k(s) = s**2 + 3*s + 13. Give k(-9).
67
Let y(x) = x**3 - 15*x**2 - 14*x - 20. Give y(16).
12
Let o(k) = 3*k - 9. Calculate o(-8).
-33
Let q(g) = 21*g + 175. Give q(-8).
7
Let l(q) = 5*q + 96. Calculate l(-18).
6
Let s(l) = 8*l + 37. Calculate s(-6).
-11
Let p(q) = -3*q - 4. What is p(-7)?
17
Let u(j) = -21*j**2 - 1. Determine u(1).
-22
Let j(s) = s**2 - 9*s + 15. Calculate j(8).
7
Let s(c) = 7*c - 9. What is s(4)?
19
Let a(i) = 5*i**2 + 36*i + 96. Calculate a(-3).
33
Let t(w) = w**3 + 6*w**2 - 4*w - 2. Determine t(-6).
22
Let p(i) = -7*i**2 + 5*i + 5. Calculate p(-2).
-33
Let l(c) = -c + 20. Determine l(-14).
34
Let f(x) = 2*x - 19. Calculate f(4).
-11
Let g(f) = 11*f - 64. Give g(6).
2
Let q(w) = 4*w**2 - 3*w - 4. Calculate q(-2).
18
Let t(y) = -9*y + 2. Determine t(-1).
11
Let h(j) = 2*j**2 + 28*j - 5. Give h(-14).
-5
Let n(a) = -a**2 - 22*a - 76. What is n(-23)?
-99
Let g(s) = 5*s + 11. Give g(5).
36
Let f(j) = 2*j**2 - 11*j + 7. Give f(5).
2
Let p(d) = d**3 - d + 12. Determine p(0).
12
Let v(w) = -4*w**2 + 125*w + 225. Give v(33).
-6
Let k(q) = q**3 + 6*q**2 + 4*q + 9. Give k(-6).
-15
Let y(m) = -2*m**2 + 7*m + 5. Calculate y(5).
-10
Let o(i) = i**2 + 4*i - 11. Determine o(-5).
-6
Let o(c) = -c**3 - 51*c**2 + 108*c + 119. Calculate o(-53).
13
Let u(t) = -2*t**3 - 36*t**2 - 34*t - 30. Determine u(-17).
-30
Let s(w) = -3*w - 58. Give s(-18).
-4
Let f(b) = 29*b - 94. Determine f(4).
22
Let s(d) = d**2 + 8*d - 34. Give s(-11).
-1
Let r(i) = i**3 - 6*i**2 + 6*i - 10. Calculate r(5).
-5
Let g(c) = 35*c**3 + 7*c**2 - 9*c + 3. Calculate g(1).
36
Let m(o) = -16*o - 50. Give m(-7).
62
Let n(z) = -z**3 + 40*z**2 + 43*z - 84. Give n(41).
-2
Let x(m) = -89*m + 58. Give x(1).
-31
Let c(k) = k**2 - 3*k - 6. Determine c(6).
12
Let q(x) = -x**2 - 5*x + 8. Calculate q(-6).
2
Let y(v) = -2*v + 71. What is y(8)?
55
Let t(c) = 3*c. Give t(10).
30
Let l(u) = -3*u + 1. What is l(-2)?
7
Let g(y) = y**3 + 7*y**2 - 5*y + 8. Give g(-8).
-16
Let s(w) = -w**3 + 24*w**2 - 22*w - 10. Calculate s(23).
13
Let n(z) = -z**2 + 16*z + 24. Calculate n(17).
7
Let o(k) = -k**3 + 39*k**2 - 2*k + 75. Determine o(39).
-3
Let d(y) = y**3 - 12*y**2 + 19*y + 4. Give d(10).
-6
Let f(h) = 2*h**2 + 3*h. Give f(3).
27
Let o(i) = i**3 + 10*i**2 + 5*i - 30. Give o(-9).
6
Let a(t) = 9*t**2 + 6*t + 5. Give a(-1).
8
Let v(j) = 18*j + 1. Determine v(-4).
-71
Let f(d) = 2*d - 38. What is f(19)?
0
Let n(q) = q**3 - 5*q**2 - 3*q + 14. What is n(6)?
32
Let z(k) = 19*k + 14. What is z(-1)?
-5
Let c(x) = -44*x - 313. Determine c(-7).
-5
Let p(i) = -i**2 - 21*i + 10. What is p(-21)?
10
Let n(b) = -15*b + 7. Calculate n(4).
-53
Let u(f) = -5*f - 7. Determine u(6).
-37
Let g(a) = a**2 + a + 39. Calculate g(0).
39
Let k(r) = -3*r**3 + 2*r**2 + 7*r + 6. Give k(-2).
24
Let l(b) = b - 17. Determine l(17).
0
Let b(m) = -m + 6. Give b(9).
-3
Let p(b) = b**2 - 6*b + 19. Give p(7).
26
Let g(s) = -s**2 - 15*s + 35. Give g(-17).
1
Let u(k) = -k**3 + 10*k**2 - 26*k + 152. Determine u(9).
-1
Let v(u) = u**2 + 10*u + 3. Calculate v(-10).
3
Let w(l) = 2*l**2 - 56*l - 7. What is w(28)?
-7
Let l(q) = -q**2 - 36*q - 56. Give l(-35).
-21
Let y(t) = 6*t**3 - 3*t**2 + 2*t - 3. Give y(2).
37
Let p(l) = l + 1. What is p(-5)?
-4
Let b(q) = -6*q + 12. Calculate b(-6).
48
Let v(h) = -h**2 - 31*h - 82. Determine v(-28).
2
Let y(w) = -2*w**2 - 21*w + 38. Calculate y(-14).
-60
Let y(q) = q**3 + 5*q**2 + 3*q - 5. Determine y(-4).
-1
Let b(n) = -n - 26. Determine b(0).
-26
Let v(i) = i**3 + 19*i**2 - 15*i - 20. Determine v(-20).
-120
Let k(b) = -b**2 + 6*b - 4. Determine k(5).
1
Let r(x) = -x**2 + 16*x - 23. Determine r(13).
16
Let v(z) = -4*z**2 + z + 1. What is v(3)?
-32
Let o(v) = 7*v**2 + 91*v + 5. Give o(-13).
5
Let j(w) = w**3 - 5*w**2 + 5*w + 1. Give j(4).
5
Let c(a) = 12*a**3 - 2*a + 1. Determine c(1).
11
Let w(z) = z - 2. Calculate w(-6).
-8
Let s(x) = -x**2 - 9*x - 14. Calculate s(-6).
4
Let a(o) = -o**3 + 4*o**2 - o - 7. What is a(5)?
-37
Let y(m) = -m**3 - 9*m**2 - 17*m - 3. Give y(-4).
-15
Let l(q) = -3*q**2 + 11*q - 1. Calculate l(4).
-5
Let z(f) = f**2 - 7*f. Determine z(5).
-10
Let z(c) = c**2 + 5*c - 4. Calculate z(-9).
32
Let p(j) = 4*j**2 - 6*j + 2. Determine p(2).
6
Let f(d) = -d - 2. Calculate f(-22).
20
Let u(o) = -2*o**3 - 16*o**2 - o + 4. Determine u(-8).
12
Let r(k) = -2*k**2 - 4*k + 4. Calculate r(-4).
-12
Let h(u) = -7*u**2 + 2*u + 2. Determine h(-2).
-30
Let g(f) = -9*f - 11. Determine g(-8).
61
Let h(q) = -2*q**2 - 14*q + 14. Determine h(-9).
-22
Let b(n) = n**3 - 11*n**2 + 13*n - 20. Calculate b(9).
-65
Let n(u) = -u**2 - 10*u - 15. Determine n(-7).
6
Let b(g) = -g**2 - 40*g - 138. Calculate b(-36).
6
Let u(d) = d**3 - 2*d**2 - 4*d - 14. Calculate u(4).
2
Let v(o) = -o - 9. Determine v(0).
-9
Let h(w) = -12*w - 9. Calculate h(-1).
3
Let v(l) = 4*l**2 - 27*l + 22. Give v(6).
4
Let g(d) = d**3 + 3*d**2 + 2*d + 2. What is g(-3)?
-4
Let n(g) = -g**2 - 4*g - 7. Give n(-5).
-12
Let k(l) = 2*l + 36. What is k(-19)?
-2
Let j(n) = -2*n**2 + 23*n + 25. Determine j(12).
13
Let j(a) = a**2 - a + 1. Give j(-7).
57
Let k(z) = 4*z**2 - z - 2. Calculate k(0).
-2
Let b(a) = a**3 - 3*a**2 + 2*a + 36. Determine b(0).
36
Let f(b) = -b**2 + 23*b - 32. Give f(21).
10
Let y(k) = -5*k + 1. What is y(-1)?
6
Let y(s) = 7*s - 26. What is y(17)?
93
Let a(b) = b**3 + 18*b**2 + 2. Determine a(-18).
2
Let y(h) = -h**3 + h**2 + h + 39. Give y(0).
39
Let k(p) = -p**2 + p + 4. Give k(3).
-2
Let w(p) = p**2 - 7*p + 5. Calculate w(6).
-1
Let h(j) = 2*j**3 + 3*j**2 - 7*j - 4. Calculate h(-5).
-144
Let f(l) = -5*l + 55. Give f(13).
-10
Let y(w) = w**2 + 14*w + 14. Calculate y(-15).
29
Let u(j) = -10*j + 285. What is u(29)?
-5
Let g(s) = s**3 + 7*s**2 - 6. Determine g(-7).
-6
Let t(m) = m**3 + 27*m**2 - 26*m + 58. Determine t(-28).
2
Let s(h) = -h**3 + 18*h**2 - h + 23. Give s(18).
5
Let i(j) = j**2 + 16*j - 38. Give i(-20).
42
Let i(g) = 138*g + 1389. Give i(-10).
9
Let l(u) = u**3 + 6*u**2 + 6*u - 2. Calculate l(-5).
-7
Let w(p) = p**3 - 33*p - 8. Give w(6).
10
Let q(d) = -19*d - 24. Determine q(-1).
-5
Let p(m) = -m**2 - 5*m - 1. Give p(-5).
-1
Let w(f) = -f - 13. Give w(-8).
-5
Let p(b) = -b**3 + 5*b**2 - 8*b + 15. What is p(3)?
9
Let o(x) = -x**2 - 6*x - 3. Determine o(-6).
-3
Let x(n) = -n**3 - 5*n**2 - 10*n - 14. Determine x(-4).
10
Let g(p) = p**2 + 2*p + 9. What is g(7)?
72
Let d(k) = -k**3 - 3*k**2 - 2*k - 1. Calculate d(-1).
-1
Let p(i) = -i**3 - 6*i**2 + 5*i + 13. Determine p(-6).
-17
Let d(g) = -5*g + 51. Determine d(4).
31
Let u(n) = -30*n + 249. What is u(8)?
9
Let f(g) = -g**3 - 9*g**2 + 12*g + 23. Determine f(-10).
3
Let q(u) = 4*u**3 + 10*u**2 + 7*u + 8. Give q(-2).
2
Let 